{"id":70,"date":"2017-06-17T16:44:56","date_gmt":"2017-06-17T16:44:56","guid":{"rendered":"http:\/\/michael.eppleronline.de\/?page_id=70"},"modified":"2025-10-20T07:44:14","modified_gmt":"2025-10-20T07:44:14","slug":"sonntagszeichnungen","status":"publish","type":"page","link":"https:\/\/michael-eppler.de\/?page_id=70","title":{"rendered":"Zeichnungen"},"content":{"rendered":"\n<p>N\u00fcrnbergserie 2025 | Tusche auf Papier | 35cm x 27cm |<\/p>\n\n\n\n<figure class=\"wp-block-image size-large\"><img loading=\"lazy\" decoding=\"async\" width=\"753\" height=\"1024\" src=\"https:\/\/michael-eppler.de\/wp-content\/uploads\/2025\/10\/dm-parkplatz-753x1024.jpg\" alt=\"\" class=\"wp-image-702\" srcset=\"https:\/\/michael-eppler.de\/wp-content\/uploads\/2025\/10\/dm-parkplatz-753x1024.jpg 753w, https:\/\/michael-eppler.de\/wp-content\/uploads\/2025\/10\/dm-parkplatz-221x300.jpg 221w, https:\/\/michael-eppler.de\/wp-content\/uploads\/2025\/10\/dm-parkplatz-768x1045.jpg 768w, https:\/\/michael-eppler.de\/wp-content\/uploads\/2025\/10\/dm-parkplatz-1129x1536.jpg 1129w, https:\/\/michael-eppler.de\/wp-content\/uploads\/2025\/10\/dm-parkplatz-1505x2048.jpg 1505w, https:\/\/michael-eppler.de\/wp-content\/uploads\/2025\/10\/dm-parkplatz-scaled.jpg 1882w\" sizes=\"auto, (max-width: 706px) 89vw, (max-width: 767px) 82vw, 740px\" \/><\/figure>\n\n\n\n<figure class=\"wp-block-image size-large\"><img loading=\"lazy\" decoding=\"async\" width=\"750\" height=\"1024\" src=\"https:\/\/michael-eppler.de\/wp-content\/uploads\/2025\/10\/Muellplatz-750x1024.jpg\" alt=\"\" class=\"wp-image-701\" srcset=\"https:\/\/michael-eppler.de\/wp-content\/uploads\/2025\/10\/Muellplatz-750x1024.jpg 750w, https:\/\/michael-eppler.de\/wp-content\/uploads\/2025\/10\/Muellplatz-220x300.jpg 220w, https:\/\/michael-eppler.de\/wp-content\/uploads\/2025\/10\/Muellplatz-768x1049.jpg 768w, https:\/\/michael-eppler.de\/wp-content\/uploads\/2025\/10\/Muellplatz-1124x1536.jpg 1124w, https:\/\/michael-eppler.de\/wp-content\/uploads\/2025\/10\/Muellplatz-1499x2048.jpg 1499w, https:\/\/michael-eppler.de\/wp-content\/uploads\/2025\/10\/Muellplatz-scaled.jpg 1874w\" sizes=\"auto, (max-width: 706px) 89vw, (max-width: 767px) 82vw, 740px\" \/><\/figure>\n\n\n\n<p><\/p>\n\n\n\n<figure class=\"wp-block-image size-large\"><img loading=\"lazy\" decoding=\"async\" width=\"767\" height=\"1024\" src=\"https:\/\/michael-eppler.de\/wp-content\/uploads\/2025\/10\/Burgmauer-767x1024.jpg\" alt=\"\" class=\"wp-image-700\" srcset=\"https:\/\/michael-eppler.de\/wp-content\/uploads\/2025\/10\/Burgmauer-767x1024.jpg 767w, https:\/\/michael-eppler.de\/wp-content\/uploads\/2025\/10\/Burgmauer-225x300.jpg 225w, https:\/\/michael-eppler.de\/wp-content\/uploads\/2025\/10\/Burgmauer-768x1025.jpg 768w, https:\/\/michael-eppler.de\/wp-content\/uploads\/2025\/10\/Burgmauer-1151x1536.jpg 1151w, https:\/\/michael-eppler.de\/wp-content\/uploads\/2025\/10\/Burgmauer-1534x2048.jpg 1534w, https:\/\/michael-eppler.de\/wp-content\/uploads\/2025\/10\/Burgmauer-scaled.jpg 1918w\" sizes=\"auto, (max-width: 706px) 89vw, (max-width: 767px) 82vw, 740px\" \/><\/figure>\n\n\n\n<p><\/p>\n\n\n\n<figure class=\"wp-block-image size-large\"><img loading=\"lazy\" decoding=\"async\" width=\"757\" height=\"1024\" src=\"https:\/\/michael-eppler.de\/wp-content\/uploads\/2025\/10\/Hbf-vorplatz-757x1024.jpg\" alt=\"\" class=\"wp-image-699\" srcset=\"https:\/\/michael-eppler.de\/wp-content\/uploads\/2025\/10\/Hbf-vorplatz-757x1024.jpg 757w, https:\/\/michael-eppler.de\/wp-content\/uploads\/2025\/10\/Hbf-vorplatz-222x300.jpg 222w, https:\/\/michael-eppler.de\/wp-content\/uploads\/2025\/10\/Hbf-vorplatz-768x1039.jpg 768w, https:\/\/michael-eppler.de\/wp-content\/uploads\/2025\/10\/Hbf-vorplatz-1136x1536.jpg 1136w, https:\/\/michael-eppler.de\/wp-content\/uploads\/2025\/10\/Hbf-vorplatz-1514x2048.jpg 1514w, https:\/\/michael-eppler.de\/wp-content\/uploads\/2025\/10\/Hbf-vorplatz-scaled.jpg 1893w\" sizes=\"auto, (max-width: 706px) 89vw, (max-width: 767px) 82vw, 740px\" \/><\/figure>\n\n\n\n<p>Schwalenberg-Serie 2024 | Tusche auf Papier | 35cm x 27cm |<\/p>\n\n\n\n<figure class=\"wp-block-image size-large\"><img loading=\"lazy\" decoding=\"async\" width=\"787\" height=\"1024\" src=\"https:\/\/michael-eppler.de\/wp-content\/uploads\/2024\/10\/4-campingplatz-sonntag-787x1024.jpg\" alt=\"\" class=\"wp-image-630\" srcset=\"https:\/\/michael-eppler.de\/wp-content\/uploads\/2024\/10\/4-campingplatz-sonntag-787x1024.jpg 787w, https:\/\/michael-eppler.de\/wp-content\/uploads\/2024\/10\/4-campingplatz-sonntag-230x300.jpg 230w, https:\/\/michael-eppler.de\/wp-content\/uploads\/2024\/10\/4-campingplatz-sonntag-768x1000.jpg 768w, https:\/\/michael-eppler.de\/wp-content\/uploads\/2024\/10\/4-campingplatz-sonntag-1180x1536.jpg 1180w, https:\/\/michael-eppler.de\/wp-content\/uploads\/2024\/10\/4-campingplatz-sonntag-1573x2048.jpg 1573w, https:\/\/michael-eppler.de\/wp-content\/uploads\/2024\/10\/4-campingplatz-sonntag-scaled.jpg 1967w\" sizes=\"auto, (max-width: 706px) 89vw, (max-width: 767px) 82vw, 740px\" \/><\/figure>\n\n\n\n<figure class=\"wp-block-image size-large\"><img loading=\"lazy\" decoding=\"async\" width=\"783\" height=\"1024\" src=\"https:\/\/michael-eppler.de\/wp-content\/uploads\/2024\/10\/3-1000jahre-linde-sonntag-783x1024.jpg\" alt=\"\" class=\"wp-image-631\" srcset=\"https:\/\/michael-eppler.de\/wp-content\/uploads\/2024\/10\/3-1000jahre-linde-sonntag-783x1024.jpg 783w, https:\/\/michael-eppler.de\/wp-content\/uploads\/2024\/10\/3-1000jahre-linde-sonntag-229x300.jpg 229w, https:\/\/michael-eppler.de\/wp-content\/uploads\/2024\/10\/3-1000jahre-linde-sonntag-768x1004.jpg 768w, https:\/\/michael-eppler.de\/wp-content\/uploads\/2024\/10\/3-1000jahre-linde-sonntag-1174x1536.jpg 1174w, https:\/\/michael-eppler.de\/wp-content\/uploads\/2024\/10\/3-1000jahre-linde-sonntag-1566x2048.jpg 1566w, https:\/\/michael-eppler.de\/wp-content\/uploads\/2024\/10\/3-1000jahre-linde-sonntag-scaled.jpg 1957w\" sizes=\"auto, (max-width: 706px) 89vw, (max-width: 767px) 82vw, 740px\" \/><\/figure>\n\n\n\n<figure class=\"wp-block-image size-large\"><img loading=\"lazy\" decoding=\"async\" width=\"768\" height=\"1024\" src=\"https:\/\/michael-eppler.de\/wp-content\/uploads\/2024\/10\/6-Freibadlemgo-springbrett-768x1024.jpg\" alt=\"\" class=\"wp-image-632\" srcset=\"https:\/\/michael-eppler.de\/wp-content\/uploads\/2024\/10\/6-Freibadlemgo-springbrett-768x1024.jpg 768w, https:\/\/michael-eppler.de\/wp-content\/uploads\/2024\/10\/6-Freibadlemgo-springbrett-225x300.jpg 225w, https:\/\/michael-eppler.de\/wp-content\/uploads\/2024\/10\/6-Freibadlemgo-springbrett-1152x1536.jpg 1152w, https:\/\/michael-eppler.de\/wp-content\/uploads\/2024\/10\/6-Freibadlemgo-springbrett-1536x2048.jpg 1536w, https:\/\/michael-eppler.de\/wp-content\/uploads\/2024\/10\/6-Freibadlemgo-springbrett-scaled.jpg 1920w\" sizes=\"auto, (max-width: 706px) 89vw, (max-width: 767px) 82vw, 740px\" \/><\/figure>\n\n\n\n<figure class=\"wp-block-image size-large\"><img loading=\"lazy\" decoding=\"async\" width=\"768\" height=\"1024\" src=\"https:\/\/michael-eppler.de\/wp-content\/uploads\/2024\/10\/8-windraddbaustelle-768x1024.jpg\" alt=\"\" class=\"wp-image-633\" srcset=\"https:\/\/michael-eppler.de\/wp-content\/uploads\/2024\/10\/8-windraddbaustelle-768x1024.jpg 768w, https:\/\/michael-eppler.de\/wp-content\/uploads\/2024\/10\/8-windraddbaustelle-225x300.jpg 225w, https:\/\/michael-eppler.de\/wp-content\/uploads\/2024\/10\/8-windraddbaustelle-1152x1536.jpg 1152w, https:\/\/michael-eppler.de\/wp-content\/uploads\/2024\/10\/8-windraddbaustelle-1536x2048.jpg 1536w, https:\/\/michael-eppler.de\/wp-content\/uploads\/2024\/10\/8-windraddbaustelle-scaled.jpg 1920w\" sizes=\"auto, (max-width: 706px) 89vw, (max-width: 767px) 82vw, 740px\" \/><\/figure>\n\n\n\n<figure class=\"wp-block-image size-large is-resized\"><img loading=\"lazy\" decoding=\"async\" width=\"819\" height=\"1024\" src=\"https:\/\/michael-eppler.de\/wp-content\/uploads\/2024\/04\/rohe1-1-819x1024.jpg\" alt=\"\" class=\"wp-image-592\" style=\"aspect-ratio:0.75;width:625px;height:auto\" srcset=\"https:\/\/michael-eppler.de\/wp-content\/uploads\/2024\/04\/rohe1-1-819x1024.jpg 819w, https:\/\/michael-eppler.de\/wp-content\/uploads\/2024\/04\/rohe1-1-240x300.jpg 240w, https:\/\/michael-eppler.de\/wp-content\/uploads\/2024\/04\/rohe1-1-768x960.jpg 768w, https:\/\/michael-eppler.de\/wp-content\/uploads\/2024\/04\/rohe1-1.jpg 993w\" sizes=\"auto, (max-width: 706px) 89vw, (max-width: 767px) 82vw, 740px\" \/><\/figure>\n\n\n\n<p>Fernw\u00e4rmerohr 1  Leipzig | Tusche auf Papier | 35cm x  27cm | 2023<\/p>\n\n\n\n<figure class=\"wp-block-image size-large is-resized\"><img loading=\"lazy\" decoding=\"async\" width=\"819\" height=\"1024\" src=\"https:\/\/michael-eppler.de\/wp-content\/uploads\/2024\/04\/rohrw2-819x1024.jpg\" alt=\"\" class=\"wp-image-588\" style=\"aspect-ratio:0.7998046875;width:630px;height:auto\" srcset=\"https:\/\/michael-eppler.de\/wp-content\/uploads\/2024\/04\/rohrw2-819x1024.jpg 819w, https:\/\/michael-eppler.de\/wp-content\/uploads\/2024\/04\/rohrw2-240x300.jpg 240w, https:\/\/michael-eppler.de\/wp-content\/uploads\/2024\/04\/rohrw2-768x960.jpg 768w, https:\/\/michael-eppler.de\/wp-content\/uploads\/2024\/04\/rohrw2.jpg 993w\" sizes=\"auto, (max-width: 706px) 89vw, (max-width: 767px) 82vw, 740px\" \/><\/figure>\n\n\n\n<p>Fernw\u00e4rmerohr 2  Leipzig | Tusche auf Papier | 35cm x  27cm | 2023<\/p>\n\n\n\n<figure class=\"wp-block-image size-large is-resized\"><img loading=\"lazy\" decoding=\"async\" width=\"768\" height=\"1024\" src=\"https:\/\/michael-eppler.de\/wp-content\/uploads\/2024\/04\/sonntag-wolfen-official-1-768x1024.jpg\" alt=\"\" class=\"wp-image-596\" style=\"aspect-ratio:0.75;width:609px;height:auto\" srcset=\"https:\/\/michael-eppler.de\/wp-content\/uploads\/2024\/04\/sonntag-wolfen-official-1-768x1024.jpg 768w, https:\/\/michael-eppler.de\/wp-content\/uploads\/2024\/04\/sonntag-wolfen-official-1-225x300.jpg 225w, https:\/\/michael-eppler.de\/wp-content\/uploads\/2024\/04\/sonntag-wolfen-official-1-1152x1536.jpg 1152w, https:\/\/michael-eppler.de\/wp-content\/uploads\/2024\/04\/sonntag-wolfen-official-1-1536x2048.jpg 1536w, https:\/\/michael-eppler.de\/wp-content\/uploads\/2024\/04\/sonntag-wolfen-official-1-scaled.jpg 1920w\" sizes=\"auto, (max-width: 706px) 89vw, (max-width: 767px) 82vw, 740px\" \/><\/figure>\n\n\n\n<p>Kulturzentrum Wolfen-Bitterfeld  | Tusche auf Papier | 35cm x  27cm | 2023<\/p>\n\n\n\n<figure class=\"wp-block-image size-large is-resized\"><img loading=\"lazy\" decoding=\"async\" width=\"768\" height=\"1024\" src=\"https:\/\/michael-eppler.de\/wp-content\/uploads\/2024\/04\/sonntag-wolfen-rathaus-1-1-768x1024.jpg\" alt=\"\" class=\"wp-image-591\" style=\"aspect-ratio:0.7998046875;width:612px;height:auto\" srcset=\"https:\/\/michael-eppler.de\/wp-content\/uploads\/2024\/04\/sonntag-wolfen-rathaus-1-1-768x1024.jpg 768w, https:\/\/michael-eppler.de\/wp-content\/uploads\/2024\/04\/sonntag-wolfen-rathaus-1-1-225x300.jpg 225w, https:\/\/michael-eppler.de\/wp-content\/uploads\/2024\/04\/sonntag-wolfen-rathaus-1-1-1152x1536.jpg 1152w, https:\/\/michael-eppler.de\/wp-content\/uploads\/2024\/04\/sonntag-wolfen-rathaus-1-1-1536x2048.jpg 1536w, https:\/\/michael-eppler.de\/wp-content\/uploads\/2024\/04\/sonntag-wolfen-rathaus-1-1-scaled.jpg 1920w\" sizes=\"auto, (max-width: 706px) 89vw, (max-width: 767px) 82vw, 740px\" \/><\/figure>\n\n\n\n<p> Rathaus Wolfen-Bitterfeld | Tusche auf Papier | 35cm x  27cm | 2023<\/p>\n\n\n\n<figure class=\"wp-block-image size-large is-resized\"><img loading=\"lazy\" decoding=\"async\" width=\"822\" height=\"1024\" src=\"https:\/\/michael-eppler.de\/wp-content\/uploads\/2024\/04\/aldi-groszschocher-822x1024.jpg\" alt=\"\" class=\"wp-image-586\" style=\"aspect-ratio:0.802734375;width:632px;height:auto\" srcset=\"https:\/\/michael-eppler.de\/wp-content\/uploads\/2024\/04\/aldi-groszschocher-822x1024.jpg 822w, https:\/\/michael-eppler.de\/wp-content\/uploads\/2024\/04\/aldi-groszschocher-241x300.jpg 241w, https:\/\/michael-eppler.de\/wp-content\/uploads\/2024\/04\/aldi-groszschocher-768x957.jpg 768w, https:\/\/michael-eppler.de\/wp-content\/uploads\/2024\/04\/aldi-groszschocher-1233x1536.jpg 1233w, https:\/\/michael-eppler.de\/wp-content\/uploads\/2024\/04\/aldi-groszschocher.jpg 1440w\" sizes=\"auto, (max-width: 706px) 89vw, (max-width: 767px) 82vw, 740px\" \/><\/figure>\n\n\n\n<p>Aldi Georg Ellrodt Str  Leipzig | Tusche auf Papier | 35cm x  27cm | 2023<\/p>\n\n\n\n<figure class=\"wp-block-image size-large is-resized\"><img loading=\"lazy\" decoding=\"async\" width=\"819\" height=\"1024\" src=\"https:\/\/michael-eppler.de\/wp-content\/uploads\/2024\/04\/lausen-ali-819x1024.jpg\" alt=\"\" class=\"wp-image-593\" style=\"aspect-ratio:0.7998046875;width:624px;height:auto\" srcset=\"https:\/\/michael-eppler.de\/wp-content\/uploads\/2024\/04\/lausen-ali-819x1024.jpg 819w, https:\/\/michael-eppler.de\/wp-content\/uploads\/2024\/04\/lausen-ali-240x300.jpg 240w, https:\/\/michael-eppler.de\/wp-content\/uploads\/2024\/04\/lausen-ali-768x960.jpg 768w, https:\/\/michael-eppler.de\/wp-content\/uploads\/2024\/04\/lausen-ali.jpg 993w\" sizes=\"auto, (max-width: 706px) 89vw, (max-width: 767px) 82vw, 740px\" \/><\/figure>\n\n\n\n<p>Aldi Leipzig-Lausen | Tusche auf Papier | 35cm x  27cm | 2023<\/p>\n\n\n<p><img loading=\"lazy\" decoding=\"async\" class=\"aligncenter size-large wp-image-232\" src=\"https:\/\/michael-eppler.de\/wp-content\/uploads\/2018\/01\/PPP8258-1024x658.jpg\" alt=\"\" width=\"525\" height=\"337\" srcset=\"https:\/\/michael-eppler.de\/wp-content\/uploads\/2018\/01\/PPP8258-1024x658.jpg 1024w, https:\/\/michael-eppler.de\/wp-content\/uploads\/2018\/01\/PPP8258-300x193.jpg 300w, https:\/\/michael-eppler.de\/wp-content\/uploads\/2018\/01\/PPP8258-768x494.jpg 768w\" sizes=\"auto, (max-width: 525px) 100vw, 525px\" \/><\/p>\n<p><img loading=\"lazy\" decoding=\"async\" class=\"aligncenter size-large wp-image-233\" src=\"https:\/\/michael-eppler.de\/wp-content\/uploads\/2018\/01\/aldibulach-733x1024.jpg\" alt=\"\" width=\"525\" height=\"733\" srcset=\"https:\/\/michael-eppler.de\/wp-content\/uploads\/2018\/01\/aldibulach-733x1024.jpg 733w, https:\/\/michael-eppler.de\/wp-content\/uploads\/2018\/01\/aldibulach-215x300.jpg 215w, https:\/\/michael-eppler.de\/wp-content\/uploads\/2018\/01\/aldibulach-768x1073.jpg 768w, https:\/\/michael-eppler.de\/wp-content\/uploads\/2018\/01\/aldibulach.jpg 1602w\" sizes=\"auto, (max-width: 525px) 100vw, 525px\" \/><\/p>\n<p><img loading=\"lazy\" decoding=\"async\" class=\"aligncenter size-large wp-image-238\" src=\"https:\/\/michael-eppler.de\/wp-content\/uploads\/2018\/01\/DSC_1664-743x1024.jpg\" alt=\"\" width=\"525\" height=\"724\" srcset=\"https:\/\/michael-eppler.de\/wp-content\/uploads\/2018\/01\/DSC_1664-743x1024.jpg 743w, https:\/\/michael-eppler.de\/wp-content\/uploads\/2018\/01\/DSC_1664-218x300.jpg 218w, https:\/\/michael-eppler.de\/wp-content\/uploads\/2018\/01\/DSC_1664-768x1059.jpg 768w, https:\/\/michael-eppler.de\/wp-content\/uploads\/2018\/01\/DSC_1664.jpg 1651w\" sizes=\"auto, (max-width: 525px) 100vw, 525px\" \/><\/p>\n<p><img loading=\"lazy\" decoding=\"async\" class=\"aligncenter size-large wp-image-240\" src=\"https:\/\/michael-eppler.de\/wp-content\/uploads\/2018\/01\/epplerseee1-797x1024.jpg\" alt=\"\" width=\"525\" height=\"675\" srcset=\"https:\/\/michael-eppler.de\/wp-content\/uploads\/2018\/01\/epplerseee1-797x1024.jpg 797w, https:\/\/michael-eppler.de\/wp-content\/uploads\/2018\/01\/epplerseee1-234x300.jpg 234w, https:\/\/michael-eppler.de\/wp-content\/uploads\/2018\/01\/epplerseee1-768x986.jpg 768w\" sizes=\"auto, (max-width: 525px) 100vw, 525px\" \/><\/p>\n<p><img loading=\"lazy\" decoding=\"async\" class=\"aligncenter size-large wp-image-241\" src=\"https:\/\/michael-eppler.de\/wp-content\/uploads\/2018\/01\/europabad-789x1024.jpg\" alt=\"\" width=\"525\" height=\"681\" srcset=\"https:\/\/michael-eppler.de\/wp-content\/uploads\/2018\/01\/europabad-789x1024.jpg 789w, https:\/\/michael-eppler.de\/wp-content\/uploads\/2018\/01\/europabad-231x300.jpg 231w, https:\/\/michael-eppler.de\/wp-content\/uploads\/2018\/01\/europabad-768x997.jpg 768w\" sizes=\"auto, (max-width: 525px) 100vw, 525px\" \/><\/p>\n<p><img loading=\"lazy\" decoding=\"async\" class=\"aligncenter size-large wp-image-247\" src=\"https:\/\/michael-eppler.de\/wp-content\/uploads\/2018\/01\/waldkappelle-764x1024.jpg\" alt=\"\" width=\"525\" height=\"704\" srcset=\"https:\/\/michael-eppler.de\/wp-content\/uploads\/2018\/01\/waldkappelle-764x1024.jpg 764w, https:\/\/michael-eppler.de\/wp-content\/uploads\/2018\/01\/waldkappelle-224x300.jpg 224w, https:\/\/michael-eppler.de\/wp-content\/uploads\/2018\/01\/waldkappelle-768x1029.jpg 768w\" sizes=\"auto, (max-width: 525px) 100vw, 525px\" \/><\/p>\n\n\n<p><\/p>\n","protected":false},"excerpt":{"rendered":"<p>N\u00fcrnbergserie 2025 | Tusche auf Papier | 35cm x 27cm | Schwalenberg-Serie 2024 | Tusche auf Papier | 35cm x 27cm | Fernw\u00e4rmerohr 1 Leipzig | Tusche auf Papier | 35cm x 27cm | 2023 Fernw\u00e4rmerohr 2 Leipzig | Tusche auf Papier | 35cm x 27cm | 2023 Kulturzentrum Wolfen-Bitterfeld | Tusche auf Papier | &hellip; <\/p>\n<p class=\"link-more\"><a href=\"https:\/\/michael-eppler.de\/?page_id=70\" class=\"more-link\"><span class=\"screen-reader-text\">\u201eZeichnungen\u201c <\/span>weiterlesen<\/a><\/p>\n","protected":false},"author":1,"featured_media":0,"parent":0,"menu_order":0,"comment_status":"closed","ping_status":"closed","template":"","meta":{"footnotes":""},"class_list":["post-70","page","type-page","status-publish","hentry"],"yoast_head":"<!-- This site is optimized with the Yoast SEO plugin v27.4 - https:\/\/yoast.com\/product\/yoast-seo-wordpress\/ -->\n<title>Zeichnungen - Michael Eppler<\/title>\n<meta name=\"robots\" content=\"index, follow, max-snippet:-1, max-image-preview:large, max-video-preview:-1\" \/>\n<link rel=\"canonical\" href=\"https:\/\/michael-eppler.de\/?page_id=70\" \/>\n<meta property=\"og:locale\" content=\"de_DE\" \/>\n<meta property=\"og:type\" content=\"article\" \/>\n<meta property=\"og:title\" content=\"Zeichnungen - Michael Eppler\" \/>\n<meta property=\"og:description\" content=\"N\u00fcrnbergserie 2025 | Tusche auf Papier | 35cm x 27cm | Schwalenberg-Serie 2024 | Tusche auf Papier | 35cm x 27cm | Fernw\u00e4rmerohr 1 Leipzig | Tusche auf Papier | 35cm x 27cm | 2023 Fernw\u00e4rmerohr 2 Leipzig | Tusche auf Papier | 35cm x 27cm | 2023 Kulturzentrum Wolfen-Bitterfeld | Tusche auf Papier | &hellip; \u201eZeichnungen\u201c weiterlesen\" \/>\n<meta property=\"og:url\" content=\"https:\/\/michael-eppler.de\/?page_id=70\" \/>\n<meta property=\"og:site_name\" content=\"Michael Eppler\" \/>\n<meta property=\"article:modified_time\" content=\"2025-10-20T07:44:14+00:00\" \/>\n<meta property=\"og:image\" content=\"https:\/\/michael-eppler.de\/wp-content\/uploads\/2025\/10\/dm-parkplatz-scaled.jpg\" \/>\n\t<meta property=\"og:image:width\" content=\"1882\" \/>\n\t<meta property=\"og:image:height\" content=\"2560\" \/>\n\t<meta property=\"og:image:type\" content=\"image\/jpeg\" \/>\n<meta name=\"twitter:card\" content=\"summary_large_image\" \/>\n<meta name=\"twitter:label1\" content=\"Gesch\u00e4tzte Lesezeit\" \/>\n\t<meta name=\"twitter:data1\" content=\"5\u00a0Minuten\" \/>\n<script type=\"application\/ld+json\" class=\"yoast-schema-graph\">{\"@context\":\"https:\\\/\\\/schema.org\",\"@graph\":[{\"@type\":\"WebPage\",\"@id\":\"https:\\\/\\\/michael-eppler.de\\\/?page_id=70\",\"url\":\"https:\\\/\\\/michael-eppler.de\\\/?page_id=70\",\"name\":\"Zeichnungen - Michael Eppler\",\"isPartOf\":{\"@id\":\"https:\\\/\\\/michael-eppler.de\\\/#website\"},\"primaryImageOfPage\":{\"@id\":\"https:\\\/\\\/michael-eppler.de\\\/?page_id=70#primaryimage\"},\"image\":{\"@id\":\"https:\\\/\\\/michael-eppler.de\\\/?page_id=70#primaryimage\"},\"thumbnailUrl\":\"https:\\\/\\\/michael-eppler.de\\\/wp-content\\\/uploads\\\/2025\\\/10\\\/dm-parkplatz-753x1024.jpg\",\"datePublished\":\"2017-06-17T16:44:56+00:00\",\"dateModified\":\"2025-10-20T07:44:14+00:00\",\"breadcrumb\":{\"@id\":\"https:\\\/\\\/michael-eppler.de\\\/?page_id=70#breadcrumb\"},\"inLanguage\":\"de\",\"potentialAction\":[{\"@type\":\"ReadAction\",\"target\":[\"https:\\\/\\\/michael-eppler.de\\\/?page_id=70\"]}]},{\"@type\":\"ImageObject\",\"inLanguage\":\"de\",\"@id\":\"https:\\\/\\\/michael-eppler.de\\\/?page_id=70#primaryimage\",\"url\":\"https:\\\/\\\/michael-eppler.de\\\/wp-content\\\/uploads\\\/2025\\\/10\\\/dm-parkplatz-scaled.jpg\",\"contentUrl\":\"https:\\\/\\\/michael-eppler.de\\\/wp-content\\\/uploads\\\/2025\\\/10\\\/dm-parkplatz-scaled.jpg\",\"width\":1882,\"height\":2560},{\"@type\":\"BreadcrumbList\",\"@id\":\"https:\\\/\\\/michael-eppler.de\\\/?page_id=70#breadcrumb\",\"itemListElement\":[{\"@type\":\"ListItem\",\"position\":1,\"name\":\"Startseite\",\"item\":\"https:\\\/\\\/michael-eppler.de\\\/\"},{\"@type\":\"ListItem\",\"position\":2,\"name\":\"Zeichnungen\"}]},{\"@type\":\"WebSite\",\"@id\":\"https:\\\/\\\/michael-eppler.de\\\/#website\",\"url\":\"https:\\\/\\\/michael-eppler.de\\\/\",\"name\":\"Michael Eppler\",\"description\":\"\",\"potentialAction\":[{\"@type\":\"SearchAction\",\"target\":{\"@type\":\"EntryPoint\",\"urlTemplate\":\"https:\\\/\\\/michael-eppler.de\\\/?s={search_term_string}\"},\"query-input\":{\"@type\":\"PropertyValueSpecification\",\"valueRequired\":true,\"valueName\":\"search_term_string\"}}],\"inLanguage\":\"de\"}]}<\/script>\n<!-- \/ Yoast SEO plugin. -->","yoast_head_json":{"title":"Zeichnungen - Michael Eppler","robots":{"index":"index","follow":"follow","max-snippet":"max-snippet:-1","max-image-preview":"max-image-preview:large","max-video-preview":"max-video-preview:-1"},"canonical":"https:\/\/michael-eppler.de\/?page_id=70","og_locale":"de_DE","og_type":"article","og_title":"Zeichnungen - Michael Eppler","og_description":"N\u00fcrnbergserie 2025 | Tusche auf Papier | 35cm x 27cm | Schwalenberg-Serie 2024 | Tusche auf Papier | 35cm x 27cm | Fernw\u00e4rmerohr 1 Leipzig | Tusche auf Papier | 35cm x 27cm | 2023 Fernw\u00e4rmerohr 2 Leipzig | Tusche auf Papier | 35cm x 27cm | 2023 Kulturzentrum Wolfen-Bitterfeld | Tusche auf Papier | &hellip; \u201eZeichnungen\u201c weiterlesen","og_url":"https:\/\/michael-eppler.de\/?page_id=70","og_site_name":"Michael Eppler","article_modified_time":"2025-10-20T07:44:14+00:00","og_image":[{"width":1882,"height":2560,"url":"https:\/\/michael-eppler.de\/wp-content\/uploads\/2025\/10\/dm-parkplatz-scaled.jpg","type":"image\/jpeg"}],"twitter_card":"summary_large_image","twitter_misc":{"Gesch\u00e4tzte Lesezeit":"5\u00a0Minuten"},"schema":{"@context":"https:\/\/schema.org","@graph":[{"@type":"WebPage","@id":"https:\/\/michael-eppler.de\/?page_id=70","url":"https:\/\/michael-eppler.de\/?page_id=70","name":"Zeichnungen - Michael Eppler","isPartOf":{"@id":"https:\/\/michael-eppler.de\/#website"},"primaryImageOfPage":{"@id":"https:\/\/michael-eppler.de\/?page_id=70#primaryimage"},"image":{"@id":"https:\/\/michael-eppler.de\/?page_id=70#primaryimage"},"thumbnailUrl":"https:\/\/michael-eppler.de\/wp-content\/uploads\/2025\/10\/dm-parkplatz-753x1024.jpg","datePublished":"2017-06-17T16:44:56+00:00","dateModified":"2025-10-20T07:44:14+00:00","breadcrumb":{"@id":"https:\/\/michael-eppler.de\/?page_id=70#breadcrumb"},"inLanguage":"de","potentialAction":[{"@type":"ReadAction","target":["https:\/\/michael-eppler.de\/?page_id=70"]}]},{"@type":"ImageObject","inLanguage":"de","@id":"https:\/\/michael-eppler.de\/?page_id=70#primaryimage","url":"https:\/\/michael-eppler.de\/wp-content\/uploads\/2025\/10\/dm-parkplatz-scaled.jpg","contentUrl":"https:\/\/michael-eppler.de\/wp-content\/uploads\/2025\/10\/dm-parkplatz-scaled.jpg","width":1882,"height":2560},{"@type":"BreadcrumbList","@id":"https:\/\/michael-eppler.de\/?page_id=70#breadcrumb","itemListElement":[{"@type":"ListItem","position":1,"name":"Startseite","item":"https:\/\/michael-eppler.de\/"},{"@type":"ListItem","position":2,"name":"Zeichnungen"}]},{"@type":"WebSite","@id":"https:\/\/michael-eppler.de\/#website","url":"https:\/\/michael-eppler.de\/","name":"Michael Eppler","description":"","potentialAction":[{"@type":"SearchAction","target":{"@type":"EntryPoint","urlTemplate":"https:\/\/michael-eppler.de\/?s={search_term_string}"},"query-input":{"@type":"PropertyValueSpecification","valueRequired":true,"valueName":"search_term_string"}}],"inLanguage":"de"}]}},"_links":{"self":[{"href":"https:\/\/michael-eppler.de\/index.php?rest_route=\/wp\/v2\/pages\/70","targetHints":{"allow":["GET"]}}],"collection":[{"href":"https:\/\/michael-eppler.de\/index.php?rest_route=\/wp\/v2\/pages"}],"about":[{"href":"https:\/\/michael-eppler.de\/index.php?rest_route=\/wp\/v2\/types\/page"}],"author":[{"embeddable":true,"href":"https:\/\/michael-eppler.de\/index.php?rest_route=\/wp\/v2\/users\/1"}],"replies":[{"embeddable":true,"href":"https:\/\/michael-eppler.de\/index.php?rest_route=%2Fwp%2Fv2%2Fcomments&post=70"}],"version-history":[{"count":11,"href":"https:\/\/michael-eppler.de\/index.php?rest_route=\/wp\/v2\/pages\/70\/revisions"}],"predecessor-version":[{"id":728,"href":"https:\/\/michael-eppler.de\/index.php?rest_route=\/wp\/v2\/pages\/70\/revisions\/728"}],"wp:attachment":[{"href":"https:\/\/michael-eppler.de\/index.php?rest_route=%2Fwp%2Fv2%2Fmedia&parent=70"}],"curies":[{"name":"wp","href":"https:\/\/api.w.org\/{rel}","templated":true}]}}